t of 10752?
2
What is the units digit of 968666?
6
What is the tens digit of 791611?
1
What is the hundred thousands digit of 225644?
2
What is the units digit of 8484743?
3
What is the ten millions digit of 10936536?
1
What is the millions digit of 43033514?
3
What is the tens digit of 2835243?
4
What is the hundreds digit of 609618?
6
What is the ten thousands digit of 12012089?
1
What is the hundreds digit of 10671500?
5
What is the thousands digit of 897089?
7
What is the thousands digit of 920889?
0
What is the thousands digit of 2744327?
4
What is the tens digit of 174396?
9
What is the units digit of 1193594?
4
What is the tens digit of 371956?
5
What is the hundreds digit of 207731?
7
What is the tens digit of 191436?
3
What is the thousands digit of 264695?
4
What is the units digit of 5542872?
2
What is the ten thousands digit of 8834030?
3
What is the tens digit of 1146671?
7
What is the millions digit of 1072868?
1
What is the tens digit of 1612599?
9
What is the units digit of 1635625?
5
What is the hundreds digit of 39151?
1
What is the hundred thousands digit of 269873?
2
What is the units digit of 9858628?
8
What is the hundreds digit of 443174?
1
What is the ten thousands digit of 89996?
8
What is the tens digit of 274591?
9
What is the tens digit of 37474?
7
What is the tens digit of 2172994?
9
What is the units digit of 1780216?
6
What is the tens digit of 2487692?
9
What is the ten millions digit of 25070766?
2
What is the hundred thousands digit of 17106761?
1
What is the hundreds digit of 1101004?
0
What is the ten thousands digit of 8439149?
3
What is the hundred thousands digit of 111155?
1
What is the ten millions digit of 18502528?
1
What is the millions digit of 10297228?
0
What is the units digit of 116507?
7
What is the hundred thousands digit of 341485?
3
What is the ten thousands digit of 3082934?
8
What is the tens digit of 349581?
8
What is the units digit of 362390?
0
What is the tens digit of 464687?
8
What is the thousands digit of 16211223?
1
What is the hundreds digit of 1149784?
7
What is the hundreds digit of 18753?
7
What is the thousands digit of 611275?
1
What is the ten thousands digit of 194572?
9
What is the hundred thousands digit of 687954?
6
What is the hundred thousands digit of 502388?
5
What is the tens digit of 51709?
0
What is the tens digit of 6174675?
7
What is the ten thousands digit of 2845114?
4
What is the units digit of 36358034?
4
What is the hundreds digit of 85461?
4
What is the hundred thousands digit of 300744?
3
What is the ten thousands digit of 8528448?
2
What is the thousands digit of 9380052?
0
What is the hundreds digit of 15484919?
9
What is the thousands digit of 4974052?
4
What is the millions digit of 3594736?
3
What is the units digit of 4399275?
5
What is the ten thousands digit of 6562912?
6
What is the hundreds digit of 438993?
9
What is the tens digit of 42211763?
6
What is the millions digit of 1976776?
1
What is the tens digit of 274077?
7
What is the tens digit of 3744083?
8
What is the hundred thousands digit of 274685?
2
What is the ten millions digit of 16842691?
1
What is the hundreds digit of 52492?
4
What is the hundreds digit of 655037?
0
What is the hundreds digit of 3537563?
5
What is the units digit of 13904?
4
What is the hundred thousands digit of 3304030?
3
What is the hundreds digit of 3280053?
0
What is the hundred thousands digit of 867753?
8
What is the thousands digit of 368672?
8
What is the tens digit of 413867?
6
What is the thousands digit of 2742564?
2
What is the hundreds digit of 4101843?
8
What is the hundreds digit of 370381?
3
What is the units digit of 1208873?
3
What is the tens digit of 788416?
1
What is the tens digit of 395417?
1
What is the millions digit of 2008432?
2
What is the hundreds digit of 543415?
4
What is the tens digit of 177813?
1
What is the ten thousands digit of 1922685?
2
What is the hundred thousands digit of 548093?
5
What is the thousands digit of 154355?
4
What is the hundred thousands digit of 5843682?
8
What is the ten thousands digit of 122099?
2
What is the ten thousands digit of 288638?
8
What is the hundred thousands digit of 588973?
5
What is the thousands digit of 23155788?
5
What is the tens digit of 1542805?
0
What is the units digit of 4661636?
6
What is the hundreds digit of 1394722?
7
What is the units digit of 473427?
7
What is the hundreds digit of 760595?
5
What is the ten millions digit of 15072549?
1
What is the hundreds digit of 568135?
1
What is the units digit of 2934330?
0
What is the units digit of 373250?
0
What is the units digit of 447987?
7
What is the tens digit of 9571049?
4
What is the hundred thousands digit of 15459131?
4
What is the tens digit of 304080?
8
What is the hundred thousands digit of 301563?
3
What is the tens digit of 295301?
0
What is the tens digit of 521450?
5
What is the hundreds digit of 3439676?
6
What is the tens digit of 11675511?
1
What is the hundreds digit of 546137?
1
What is the millions digit of 2608666?
2
What is the millions digit of 18284964?
8
What is the hundred thousands digit of 196498?
1
What is the hundred thousands digit of 20641895?
6
What is the ten thousands digit of 51541?
5
What is the millions digit of 1386992?
1
What is the thousands digit of 955056?
5
What is the thousands digit of 4318835?
8
What is the tens digit of 212858?
5
What is the tens digit of 229317?
1
What is the tens digit of 20317?
1
What is the ten millions digit of 10450792?
1
What is the tens digit of 533848?
4
What is the thousands digit of 43286581?
6
What is the units digit of 996850?
0
What is the ten thousands digit of 12776851?
7
What is the hundreds digit of 11373089?
0
What is the ten thousands digit of 221341?
2
What is the hundred thousands digit of 1693677?
6
What is the ten thousands digit of 1024275?
2
What is the thousands digit of 2867723?
7
What is the tens digit of 2403992?
9
What is the units digit of 295918?
8
What is the hundreds digit of 742049?
0
What is the tens digit of 950740?
4
What is the millions digit of 2716668?
2
What is the millions digit of 3519853?
3
What is the units digit of 969384?
4
What is the hundred thousands digit of 818788?
8
What is the thousands digit of 94801?
4
What is the units digit of 4084246?
6
What is the ten thousands digit of 346721?
4
What is the units digit of 7010110?
0
What is the millions digit of 2412429?
2
What is the thousands digit of 8899327?
9
What is the hundred thousands digit of 450327?
4
What is the tens digit of 1940661?
6
What is the hundreds digit of 730223?
2
What is the hundred thousands digit of 5753801?
7
What is the tens digit of 4829522?
2
What is the hundred thousands digit of 219145?
2
What is the thousands digit of 1371774?
1
What is the tens digit of 2783083?
8
What is the millions digit of 11650883?
1
What is the units digit of 1086873?
3
What is the tens digit of 9162861?
6
What is the units digit of 1879763?
3
What is the millions digit of 2852827?
2
What is the tens digit of 11867769?
6
What is the tens digit of 725590?
9
What is the thousands digit of 6236655?
6
What is the ten thousands digit of 3449042?
4
What is the ten thousands digit of 1984796?
8
What is the tens digit of 6648805?
0
What is the ten thousands digit of 6247853?
4
What is the ten thousands digit of 685349?
8
What is the units digit of 143342?
2
What is the units digit of 312751?
1
What is the millions digit of 4125541?
4
What is the millions digit of 7230539?
7
What is the hundred thousands digit of 341530?
3
What is the millions digit of 5762564?
5
What is the hundreds digit of 4045257?
2
What is the ten thousands digit of 8008216?
0
What is the hundreds digit of 401591?
5
What is the hundred thousands digit of 4344496?
3
What is the hundred thousands digit of 230196?
2
What is the ten thousands digit of 1133486?
3
What is the ten thousands digit of 2601790?
0
What is the tens digit of 5467830?
3
What is the millions digit of 4048761?
4
What is the ten thousands digit of 603126?
0
What is the units digit of 330662?
2
What is the ten thousands digit of 9654920?
5
What is the units digit of 333086?
6
What is the units digit of 131437?
7
What is the tens digit of 11574539?
3
What is the tens digit of 438927